 (base 3) to base 7.
164010113
Convert 110111100011011100000 (base 2) to base 5.
431223014
Convert -12460 (base 8) to base 3.
-21102220
Convert 103238 (base 9) to base 11.
42179
Convert -249661 (base 12) to base 6.
-20444201
Convert -2674021 (base 9) to base 3.
-2202111000201
4301104 (base 5) to base 14
1c36d
Convert 235963 (base 10) to base 7.
2001640
What is 346e7c (base 16) in base 8?
15067174
What is 11011110000011001 (base 2) in base 15?
23a44
What is 2244ca (base 16) in base 7?
25042423
-3477756 (base 8) to base 7
-11035264
What is c687b4 (base 13) in base 11?
26934a4
-1031010123 (base 4) to base 9
-531020
48e1 (base 15) to base 12
8b87
What is 258b398 (base 12) in base 7?
116624633
Convert -1260820 (base 10) to base 4.
-10303310110
What is 133a46 (base 13) in base 11?
298664
Convert -1121b3 (base 15) to base 4.
-3013133313
274093b (base 12) to base 5
3444014304
What is -84a73a (base 12) in base 6?
-112500514
What is 12141430433 (base 5) in base 6?
1232430210
What is 112a68 (base 11) in base 9?
303367
What is -12122443 (base 5) in base 3?
-12210112210
What is 41941 (base 11) in base 8?
167145
2020221113 (base 4) to base 9
1042682
Convert 402155 (base 8) to base 14.
36273
21312112 (base 5) to base 12
894b9
-212001112212 (base 3) to base 7
-3600101
21212303232 (base 4) to base 5
1121041004
6336065 (base 8) to base 15
234adb
Convert 111151303 (base 7) to base 4.
121230113002
-546aa (base 12) to base 3
-12200001211
What is a15ac (base 15) in base 4?
1330233000
222000322000 (base 4) to base 6
1032021344
What is -25446 (base 12) in base 16?
-c636
Convert 177338 (base 11) to base 10.
273259
Convert -3033123020 (base 4) to base 7.
-10135664
Convert 2a3946 (base 15) to base 13.
56436c
352141230 (base 6) to base 7
106426641
What is -2503020 (base 6) in base 11?
-908a5
-34145221 (base 6) to base 2
-11111110000010101101
Convert -3651466 (base 9) to base 16.
-1e4047
What is -24a8c8 (base 13) in base 8?
-3267274
Convert -558387 (base 9) to base 7.
-2561233
What is 2a60028 (base 11) in base 13?
11169ac
Convert -140522263 (base 7) to base 3.
-122012210120111
Convert -5155527 (base 8) to base 10.
-1366871
Convert 111103324 (base 5) to base 14.
c9b88
2052232 (base 8) to base 4
2011102122
What is 111121100222 (base 3) in base 11?
173236
Convert 40434200 (base 5) to base 12.
139595
What is -12013221222 (base 4) in base 15?
-21a4bc
What is -2464422 (base 7) in base 6?
-10454340
What is 333721 (base 13) in base 11?
755123
Convert 43513431 (base 6) to base 10.
1300699
Convert 449396 (base 10) to base 9.
754408
-1010100011001010100 (base 2) to base 5
-42030214
What is 132142324 (base 5) in base 10?
662214
Convert 422106 (base 8) to base 15.
2b8c3
What is -2ca0a (base 13) in base 14?
-2308a
What is 1412210004 (base 5) in base 14?
6a77dd
What is -1024241 (base 8) in base 7?
-2213410
341682 (base 11) to base 14
1022b6
Convert -6253d0 (base 16) to base 4.
-120211033100
3043030 (base 5) to base 11
34431
What is 1066236 (base 7) in base 2?
100000110001011110
-12102043 (base 5) to base 4
-123202011
Convert 740cb7 (base 13) to base 14.
509865
What is -1394d1c (base 14) in base 5?
-4413033202
What is 151a9a (base 12) in base 6?
11343114
Convert 42103013 (base 6) to base 8.
4521561
What is a2da19 (base 14) in base 4?
110330333313
100432 (base 9) to base 4
32200022
-1c2751 (base 15) to base 7
-14455360
Convert 1432359 (base 14) to base 9.
20400122
What is 20012111212121 (base 3) in base 4?
30210332113
What is -100111001110010100 (base 2) in base 16?
-27394
Convert b7258 (base 15) to base 12.
2402b5
Convert -75256a (base 11) to base 2.
-100100101111011000001
What is -3692a7c (base 13) in base 10?
-16971421
Convert 2241891 (base 10) to base 16.
223563
What is -10211211021 (base 3) in base 6?
-1342224
Convert 11076d (base 14) to base 3.
1002100110122
What is 205322 (base 8) in base 2?
10000101011010010
11011111012210 (base 3) to base 8
10344361
What is -24ec4 (base 15) in base 7?
-1001161
Convert -110100111001010100001010 (base 2) to base 4.
-310321110022
-1505440 (base 7) to base 9
-340277
413231a (base 11) to base 5
3331404024
Convert -220463364 (base 7) to base 8.
-62451430
Convert -1444366 (base 7) to base 8.
-576720
22506a5 (base 11) to base 12
139b806
126487 (base 9) to base 4
102302110
What is 1a8548 (base 11) in base 2?
1001101110100101110
Convert 234489 (base 12) to base 15.
b3210
What is -1566033 (base 7) in base 3?
-102002021110
-110102111110022 (base 3) to base 8
-31141536
Convert -87613 (base 11) to base 9.
-213416
102467 (base 9) to base 4
32313130
c6893 (base 13) to base 6
11354322
Convert 535520 (base 10) to base 9.
1005532
What is -1b442 (base 13) in base 16?
-d0d2
Convert -10b0bb1 (base 12) to base 11.
-18a7092
Convert -55087a (base 12) to base 6.
-44525434
Convert -212102001122 (base 3) to base 2.
-1110000011111100100
-19bb4 (base 15) to base 13
-2c0c2
What is 10101000010001 (base 3) in base 10?
1791235
Convert 20000010010010 (base 3) to base 6.
152220433
Convert -1424410 (base 6) to base 3.
-11010121120
-2320032 (base 6) to base 7
-1004450
Convert -10011011110110 (base 2) to base 10.
-9974
What is 74a26d (base 14) in base 5?
2002240421
What is 2e372 (base 15) in base 14?
3c590
16256535 (base 9) to base 7
126036560
What is -14144574 (base 8) in base 9?
-6012784
Convert 1220221100 (base 3) to base 14.
db27
What is 11111001110000110101 (base 2) in base 4?
3321300311
What is 10010111100011111101111 (base 2) in base 13?
104b6b6
Convert -5106520 (base 8) to base 11.
-83aa41
Convert 12335021 (base 6) to base 5.
100322212
1036426 (base 8) to base 11
17a77a
What is 30441 (base 14) in base 7?
662311
What is 1211101201120 (base 3) in base 4?
3231113331
Convert -20c5d8 (base 15) to base 8.
-5750002
Convert 11001000110100000100 (base 2) to base 8.
3106404
What is 361ba3 (base 12) in base 6?
30423523
What is -244311205 (base 6) in base 12?
-16a2505
Convert -122444324 (base 5) to base 10.
-593714
Convert -20a492 (base 14) to base 4.
-10031202000
What is 15486 (base 11) in base 10?
21874
Convert 2b8789a (base 13) to base 9.
28272284
15446 (base 11) to base 10
21830
What is 133020302 (base 4) in base 3?
20110221122
-c845e1 (base 16) to base 13
-2947133
-444552411 (base 6) to base 12
-2852707
What is -2392311 (base 12) in base 6?
-404030021
What is -7662734 (base 8) in base 9?
-3775554
Convert 534318 (base 9) to base 14.
83cda
What is 1454155 (base 6) in base 7?
503216
Convert 21202110121 (base 4) to base 12.
a06821
Convert 100021222021012 (base 3) to base 4.
102312001322
23c439 (base 13) to base 8
3206475
Convert 102000011111 (base 3) to base 13.
777b2
13013042 (base 5) to base 12
60b1a
What is -842b6 (base 15) in base 3?
-210021221000
-300d54 (base 15) to base 14
-43545b
-157704 (base 12) to base 15
-734ea
142434 (base 5) to base 2
1011101101010
What is 4420120 (base 5) in base 4?
102213331
40bd7b (base 14) to base 5
1024343022
-110432 (base 8) to base 5
-2142041
What is 375009 (base 11) in base 14?
115bd6
Convert 34ca7 (base 13) to base 8.
274574
331022222 (base 5) to base 9
2608526
Convert 64462111 (base 7) to base 16.
53d5d7
Convert -6a28b (base 14) to base 3.
-111010112021
-b8945 (base 15) to base 4
-2033003231
Convert -2204530 (base 6) to base 14.
-2c0bc
What is -244755 (base 10) in base 3?
-110102202000
1152433 (base 6) to base 12
2b719
Convert -10001001000101011 (base 2) to base 5.
-4221222
3477200 (base 9) to base 14
36da7d
Convert 1011011001011010 (base 2) to base 11.
32089
-2212120120220 (base 3) to base 2
-101110100110010101011
-12210311202 (base 4) to base 13
-48478b
Convert -416812 (base 9) to base 5.
-30412130
What is -114a26 (base 12) in base 3?
-112010021110
2041324300 (base 5) to base 3
21222200211112
What is -4127286 (base 10) in base 13?
-b167a7
Convert -1600641 (base 8) to base 16.
-701a1
What is 454005013 (base 6) in base 5?
4111241412
Convert -1200222011 (base 4) to base 3.
-202010002022
2116 (base 16) to base 8
20426
-340412 (base 5) to base 9
-17383
-100111000100001011010 (base 2) to base 9
-2360852
146045235 (base 7) to base 10
9776310
What is -854462 (base 13) in base 15?
-41a398
What is -29b1b4 (base 12) in base 3?
-1022202010101
Convert -452b96 (base 13) to base 6.
-55010241
What is -12a2 (base 11) in base 3?
-2022102
What is -530221 (bas